s -2744390 (base 10) in base 16?
-29e046
Convert -4673a2 (base 11) to base 13.
-1cc87a
3eb62 (base 16) to base 14
69878
efa9 (base 16) to base 8
167651
Convert -71464207 (base 8) to base 7.
-242230303
What is 14201104 (base 5) in base 16?
23e55
What is -21122100210000 (base 3) in base 16?
-3dfa82
What is -1311313131 (base 4) in base 6?
-14203033
Convert 23412010 (base 9) to base 10.
11404485
What is -1101011110011100010011 (base 2) in base 12?
-1224383
What is 2012022122201 (base 3) in base 7?
12632050
What is 102026773 (base 8) in base 14?
2429707
264034143 (base 7) to base 13
3686169
Convert 110001000001010101 (base 2) to base 9.
335378
Convert 3062613 (base 7) to base 16.
59ed7
What is 13033222 (base 5) in base 13?
45c43
Convert 101000100111100101101011 (base 2) to base 4.
220213211223
100002112000 (base 3) to base 15
38073
5628 (base 12) to base 14
3692
2521052 (base 6) to base 11
924a7
What is -36981 (base 13) in base 6?
-2053123
What is 311322302222 (base 4) in base 16?
d7acaa
-2442300 (base 6) to base 2
-11111110001011100
Convert -173808 (base 9) to base 16.
-1a52b
What is 1ad49 (base 14) in base 9?
113826
What is 4891606 (base 10) in base 3?
100012112000121
Convert -8552339 (base 10) to base 14.
-11c8a55
Convert -50340140 (base 6) to base 16.
-15cb1c
Convert -20201222000201 (base 3) to base 16.
-36a69c
7a809 (base 12) to base 5
20213333
Convert 22240150 (base 9) to base 12.
3736660
What is 32bcc (base 15) in base 5?
20130132
1001010111000101111 (base 2) to base 4
1022320233
What is -578130 (base 9) in base 3?
-122122011000
What is 1404244200 (base 5) in base 12?
1250081
What is -10516461 (base 7) in base 13?
-25c311
What is 409162 (base 12) in base 16?
f6d9a
Convert -2021111002212 (base 3) to base 7.
-13200221
What is 24252 (base 14) in base 12?
43100
Convert -101010222202 (base 3) to base 11.
-127081
What is 160865 (base 10) in base 16?
27461
-38426 (base 14) to base 6
-2542550
Convert -35464514 (base 7) to base 11.
-1856808
7a871 (base 13) to base 11
142888
What is 1100002110012 (base 3) in base 6?
23120435
What is -25101210 (base 7) in base 4?
-20211330222
Convert 1433132012 (base 5) to base 11.
2167664
What is -14375223 (base 9) in base 13?
-162ab90
What is -10001100010000 (base 2) in base 16?
-2310
-390b426 (base 12) to base 14
-16bdbc2
Convert -14305253 (base 7) to base 2.
-101001000101101101011
What is 20020012102200 (base 3) in base 15?
455e39
-114320540 (base 6) to base 9
-4070746
-102223221222 (base 4) to base 5
-2223204021
Convert -4086a84 (base 12) to base 3.
-211210211220001
What is 63855 (base 10) in base 3?
10020121000
What is 20313334 (base 6) in base 5?
122212044
-6260a (base 14) to base 10
-237170
Convert -222131000 (base 4) to base 8.
-523500
-300404000 (base 5) to base 12
-491837
What is 14447354 (base 8) in base 14?
61b764
What is -4a1262 (base 15) in base 12?
-123106b
Convert -1532115 (base 7) to base 10.
-209634
Convert -24235332 (base 8) to base 16.
-513ada
What is 2266041 (base 8) in base 4?
2112300201
-34625450 (base 7) to base 9
-5656162
11243189 (base 10) to base 4
222320322311
What is -28003817 (base 9) in base 15?
-132ed97
What is -32342103 (base 5) in base 2?
-1000011110100010010
-e87ec (base 16) to base 4
-3220133230
What is -75a (base 15) in base 14?
-868
Convert -22200130221 (base 4) to base 3.
-12011221020210
160b038 (base 12) to base 2
10001001010001001101100
400024014 (base 5) to base 3
2221110202112
4153140 (base 6) to base 3
101020112020
41506221 (base 7) to base 14
670b11
-27dab (base 14) to base 9
-160400
What is 6691cd (base 14) in base 7?
41413046
-1100011011010100 (base 2) to base 6
-1031352
What is -23010311100 (base 4) in base 11?
-1703393
232309 (base 15) to base 14
319775
Convert -837a57 (base 12) to base 10.
-2066467
What is 279358 (base 15) in base 2?
111010000111010000010
-244003113 (base 5) to base 2
-100011010011000110010
-6e164 (base 15) to base 16
-55c57
Convert 206f9 (base 16) to base 12.
64a75
234b646 (base 12) to base 16
6815d6
16a2505 (base 11) to base 10
2887549
331355 (base 6) to base 9
41738
What is 67271 (base 15) in base 13?
b6356
-1102110201110 (base 3) to base 2
-10111000110111101011
-159284 (base 10) to base 4
-212320310
What is 300984 (base 15) in base 14?
43500a
What is -1000100001100001100101 (base 2) in base 7?
-24664326
Convert 2031032103 (base 4) to base 2.
10001101001110010011
12072e (base 15) to base 14
18632c
What is 2189a (base 13) in base 9?
102353
What is -55144003 (base 8) in base 5?
-11013111213
Convert -44c69b (base 13) to base 4.
-12031030222
417644 (base 8) to base 11
95620
What is -101201002002 (base 3) in base 4?
-303130301
What is -423a48 (base 15) in base 12?
-107b735
What is 1469615 (base 12) in base 8?
17563061
Convert -238e61 (base 15) to base 14.
-323bc6
What is -22253322 (base 7) in base 5?
-443213240
Convert -1525353 (base 6) to base 13.
-31890
What is 424031 (base 7) in base 15?
16b4e
What is 20020202102 (base 3) in base 13?
43cc4
34134122 (base 5) to base 3
120100211110
What is 408867 (base 15) in base 5?
1241111042
-12235b (base 12) to base 14
-7934b
Convert 1101540 (base 9) to base 2.
10010000011100101100
-12585 (base 12) to base 8
-60665
Convert 11100011101100110100100 (base 2) to base 14.
dc31ac
Convert 1010111010010000110101 (base 2) to base 11.
1683908
Convert -12011212022012 (base 3) to base 14.
-519377
97528 (base 12) to base 15
3e182
274b7 (base 12) to base 6
1055151
Convert 452256 (base 10) to base 14.
bab60
Convert 46173070 (base 8) to base 2.
100110001111011000111000
What is 200210220222 (base 3) in base 4?
1122121211
5041512 (base 7) to base 5
123122241
What is 75374 (base 15) in base 8?
1326502
11100110212122 (base 3) to base 8
10644151
Convert 123003213 (base 4) to base 2.
11011000011100111
Convert -49cb1 (base 14) to base 12.
-88803
Convert -15b1b8 (base 12) to base 15.
-7526e
37303677 (base 9) to base 6
1451045324
Convert -433511 (base 7) to base 16.
-127c1
Convert 3825691 (base 10) to base 13.
a3c42c
What is -3436552 (base 7) in base 14?
-b2862
What is -20743111 (base 8) in base 13?
-bc6912
Convert 25789 (base 14) to base 7.
532232
Convert -b09364 (base 12) to base 7.
-32254600
What is 1101110010000100001001 (base 2) in base 3?
20210120000111
-66700 (base 12) to base 10
-135792
Convert 419928a (base 11) to base 12.
2585507
What is -100101001000011010 (base 2) in base 7?
-1202261
Convert -222310244 (base 5) to base 13.
-2836b2
Convert 12110002021121 (base 3) to base 16.
2c2cd8
42205434 (base 6) to base 8
4542036
Convert -14135042 (base 8) to base 13.
-87a696
1170110 (base 8) to base 6
10534224
Convert 12002210102 (base 3) to base 6.
2053015
3ec46 (base 16) to base 7
2120355
What is 2232103014 (base 5) in base 10?
4956634
What is 23504164 (base 7) in base 8?
7751237
-10143212321 (base 5) to base 15
-dccd26
What is -2921bd (base 16) in base 7?
-31624634
-970c (base 15) to base 16
-7cda
What is -100110011101010111100 (base 2) in base 16?
-133abc
Convert 11233213 (base 5) to base 3.
12012100012
What is 548303 (base 10) in base 15?
ac6d8
12877 (base 9) to base 15
28c7
Convert 6150613 (base 8) to base 10.
1626507
Convert -8082261 (base 9) to base 2.
-10000011011001100011011
Convert -26919a4 (base 11) to base 7.
-54320401
What is -211211030 (base 4) in base 13?
-550ac
What is 55ba42 (base 13) in base 9?
3726021
147a53 (base 15) to base 8
3611264
Convert -1183876 (base 9) to base 7.
-5330016
-112200221 (base 4) to base 13
-32c75
-11e17b (base 16) to base 8
-4360573
-230302203000 (base 4) to base 14
-17b8cda
7e47ec (base 16) to base 6
453214324
Convert 2503043 (base 6) to base 16.
20703
Convert 323433114 (base 5) to base 13.
398776
237451 (base 11) to base 4
1123301022
Convert -65952 (base 14) to base 4.
-330010210
What is -1111011101000110110 (base 2) in base 10?
-506422
Convert -5179529 (base 11) to base 10.
-9133958
What is 111330 (base 8) in base 9?
56508
Convert -23023213 (base 4) to base 14.
-12995
What is 4040101 (base 7) in base 3?
220101210001
What is 10110101101100001 (base 2) in base 14?
25c89
What is 85a3c (base 13) in base 7?
2023151
What is -2001312303 (base 4) in base 3?
-1000000121200
Convert 2421052 (base 7) to base 6.
10332324
What is -44044313 (base 5) in base 14?
-9badd
-355035 (base 6) to base 9
-46355
11100